uppose f*s + 305 - 1579 = 0. List the prime factors of s.
2, 7
Let f = 3338 - -37953. What are the prime factors of f?
157, 263
Suppose -14*n + 215 = -345. Suppose -4*k + n + 28 = 0. List the prime factors of k.
17
Let b = 4094 - 1083. Suppose -1561 = -6*h + b. List the prime factors of h.
2, 3, 127
Suppose 0 = -2*y + 4*b + 18922, -9100 + 46980 = 4*y - 2*b. List the prime factors of y.
9473
Suppose -39*f - 17728 + 202543 = -24*f. What are the prime factors of f?
3, 37
Suppose 2*g - 88622 = y, 177260 = 36*g - 32*g - 4*y. List the prime factors of g.
3, 547
Let w(x) = 7*x + 99. Let h be w(-15). Let q(p) = -68*p + 190. List the prime factors of q(h).
2, 13, 23
Let r = -35 + 33. What are the prime factors of (-2*177)/r - -2?
179
Suppose -3*o - 1270 = -t, 2*t + 7*o - 2530 = 3*o. Suppose 0 = p - t - 310. List the prime factors of p.
19, 83
Let y(m) = -2*m**3 + 20*m**2 - 5*m - 11. Suppose 177*w + 32 = 181*w. List the prime factors of y(w).
5, 41
Let y be 260/(4/(-4 + 6)). List the prime factors of (19/(-2))/((-5)/y).
13, 19
Suppose 62790 = 15*j + 6*j. What are the prime factors of j?
2, 5, 13, 23
Let l = 639 - 1397. Let z be l*(-1)/(-2)*-1. Suppose 4*i - u - 482 = -i, 0 = -4*i + 3*u + z. List the prime factors of i.
97
Let h = -88 + 137. Suppose -h*b = -52*b + 1509. What are the prime factors of b?
503
Suppose 17 = 5*v + 2, 4*v + 216 = 2*p. Let b be ((-16)/24)/((-1)/162). Let j = p + b. List the prime factors of j.
2, 3, 37
Suppose 0 = c - 4*c + 3060. Suppose -c = -5*k - k. What are the prime factors of k?
2, 5, 17
Suppose 3*o - 2*c = 23, 2*o + 5*c - 3*c = 2. Suppose -4*y - o*j = -1309, 31 + 299 = y + 4*j. Suppose -8*i + 234 = -y. List the prime factors of i.
2, 5, 7
Suppose 8*h - 57 + 9 = 0. Let s be ((-5235)/(-10))/(h/136). What are the prime factors of s/51 - (-2)/6?
233
Let j(s) = 47*s**2 + 264*s - 1915. What are the prime factors of j(7)?
2, 13, 43
Suppose -35 = 17*z - 1. Let r(n) = n**2 + 3*n + 2. Let b be r(z). Suppose b = -2*w - 4*p + 2*p + 438, -1105 = -5*w + 5*p. List the prime factors of w.
2, 5, 11
What are the prime factors of ((-87)/116)/((-6)/21840)?
2, 3, 5, 7, 13
Let q be (-1)/(-1) + 5 + -3. Suppose 120 = q*z - 13*z. What are the prime factors of 60/z + 1 + 80?
2, 19
Let r = 7190 + 3392. What are the prime factors of r?
2, 11, 13, 37
Suppose 5*x - 37413 = -3*m, -18*x = 3*m - 19*x - 37395. What are the prime factors of m?
2, 23, 271
Let v(u) = 2*u**2 - 23*u + 1594. What are the prime factors of v(-71)?
13309
What are the prime factors of (-38 + -2553)*(-1 - 2)?
3, 2591
Suppose -7 = -2*w + 1. Let i be w/14 - 36/(-21). Let y(x) = 10*x**3 - x**2 + 3*x - 4. List the prime factors of y(i).
2, 3, 13
Let i = 17195 + -8691. What are the prime factors of i?
2, 1063
Suppose 41*c = -27*c + 19*c + 739116. What are the prime factors of c?
2, 3, 419
Let u(d) = 691*d**3 + d**2 - 3*d. List the prime factors of u(2).
2, 3, 307
Let o = 13 + -13. Let y be (-1)/(-1) + o + 55. Let t = 223 - y. List the prime factors of t.
167
Let c(m) = 2*m**3 + 22*m**2 + 13*m + 35. Let g be c(-10). Suppose 69 = 2*z + 191. Let q = z + g. List the prime factors of q.
2, 11
Let y(v) = -v**3 - 11*v**2 - 20*v - 27. Let c be y(-9). What are the prime factors of (13 + 1)/((180/(-910))/c)?
7, 13
Suppose -170*h - 8051 = -45402 - 11949. What are the prime factors of h?
2, 5, 29
Let w(b) = 9*b - 26. Let p(o) = -8*o + 25. Let q(n) = -3*n**2 - 13*n - 1. Let d be q(-4). Let r(m) = d*w(m) + 2*p(m). What are the prime factors of r(5)?
3
Let d = 3 + -96. Let t = d + 94. What are the prime factors of 294 + t + -3 + 3 + -3?
2, 73
Suppose -559*u + 47712 = -551*u. What are the prime factors of u?
2, 3, 7, 71
Suppose -73*p = 3004 + 1376. Let n = 54 + 67. Let k = n + p. What are the prime factors of k?
61
Let p(o) be the second derivative of o**3/3 - 13*o**2/2 + 5*o. Let h be p(8). Suppose 0*r - r + 3*d = -38, h*r + 5*d = 86. List the prime factors of r.
2
What are the prime factors of ((26/12)/13 - (-31)/(-6)) + 50657?
2, 3, 7, 67
Let h(l) = -91*l**3 + 2*l + 1. Let i be h(-1). Let p(b) = -5*b + 103. Let z be p(-5). Let f = z - i. List the prime factors of f.
2, 19
Let y(r) = 2*r**2 - 29*r - 471. List the prime factors of y(66).
3, 19, 37
Suppose 0 = 111*h - 155*h + 1319296. What are the prime factors of h?
2, 937
Let y(u) = 31*u**2 - 278*u - 36. List the prime factors of y(24).
2, 3, 929
Suppose 128664 = 3*g - 2*m, 2*g - 42177 = 2*m + 43593. What are the prime factors of g?
2, 3, 2383
Suppose -2*j - 5*t + 19485 = -8*t, j - 4*t - 9730 = 0. What are the prime factors of j?
2, 3, 5, 13
Let j(t) = t**2 + 3*t - 2. Let a be j(-3). Let r be 2/(-3) - (-3)/(27/78). What are the prime factors of ((-2)/r*a)/((-1)/(-364))?
2, 7, 13
Let k = -15 + 127. Suppose z - k = 137. Let t = -157 + z. List the prime factors of t.
2, 23
Let o = -233 + 70. Let t = 363 + o. Suppose h - t = -3*h. What are the prime factors of h?
2, 5
Suppose -5*i + 43525 = 4*g, g = i + 7996 + 2883. What are the prime factors of g?
2, 5, 17
Suppose -2*c - 4*t - 1254 = 0, 3090 = -6*c + c + 5*t. Let m = 870 + c. What are the prime factors of m?
3, 83
Let d(f) = -f**3 - 2*f**2 + 2*f. Suppose 2*r - 3*r - 6 = 0. Let h be d(r). Suppose -5*j - 4*q + 612 = -q, h = j + 3*q. What are the prime factors of j?
2, 3, 5
Suppose -5*l + 3*u + 41735 = 6356, 7071 = l - 3*u. What are the prime factors of l?
3, 7, 337
Let n = 95878 + -66934. What are the prime factors of n?
2, 3, 67
List the prime factors of 8855 + (-1 - -11) + 13.
2, 23, 193
Suppose -5*g - 43*g = -10368. List the prime factors of g.
2, 3
Let i(a) = 5*a**2 + 4*a - 18. Let h be i(8). Let l = 545 - h. Suppose 189 + l = 10*x. List the prime factors of x.
2, 5
Suppose 2*s = -5*a + 4645, -a + 9335 = 59*s - 55*s. What are the prime factors of s?
5, 467
Let d(l) = 2*l**3 - l**2 + l + 1. Let w be d(2). Suppose -8 = -11*t + w*t. List the prime factors of t - (-70)/((-2)/(-2)).
2, 17
Let z(r) = -7*r**3 + 6*r**2 - r - 6. Let l be z(6). What are the prime factors of (-98)/28*l/21?
2, 109
List the prime factors of 16/7 - (-84888693)/1589.
5, 2137
Let j(n) = 17*n**2 + n - 2. Let i be j(2). Suppose 0 = i*z - 70*z + 860. List the prime factors of z.
2, 5, 43
Let w(f) = -f**3 - 10*f**2 - 9*f - 1. Let s be w(-6). Let b = 93 + s. Suppose 0 = -3*j + b*j + 17. List the prime factors of j.
17
Suppose 2*v + 386 = 2*m, 748 = -4*m + 8*m + 2*v. Let z be (2/(-6))/((-21)/m). Let s(t) = 7*t - 9. What are the prime factors of s(z)?
2, 3
Suppose -30*r = -126202 - 357449 - 11199. List the prime factors of r.
5, 3299
Let f = 73 - 71. Suppose -8*a + f*a = -144. Suppose 3*g = t + t + 28, 4*t + a = 2*g. List the prime factors of g.
2
What are the prime factors of 5852 - (-4)/(12/(-63))?
7, 17
Let o(f) = f - 5. Let k be o(10). Suppose 400 = 2*y - 3*l, -3*l + 958 = -0*y + k*y. List the prime factors of y.
2, 97
Let g = 6004 + -3584. Suppose 16*x = 6*x - g. Let y = -154 - x. What are the prime factors of y?
2, 11
Suppose 2*r + r - 983 = -5*f, 0 = r + 2*f - 329. Let k(m) = 19*m**2 - 6*m + 1. Let d be k(3). Let l = r - d. What are the prime factors of l?
167
Let f = 22071 - -357. List the prime factors of f.
2, 3, 7, 89
Suppose 2*m - 39381 = -3*u, m - 205*u = -206*u + 19690. List the prime factors of m.
3, 6563
Suppose 2*w + 104627 = 21*k - 16*k, -5*w = 3*k - 62801. List the prime factors of k.
17, 1231
Suppose 100*k + 100528 = 108*k. What are the prime factors of k?
2, 61, 103
Let l(q) = 162*q**2 + q + 1. Let x be ((-4)/6)/(5/((-90)/4)). Let g(p) = -8*p + 23. Let a be g(x). List the prime factors of l(a).
2, 3
Let v = -4809 - -8507. What are the prime factors of v?
2, 43
Let v = 14257 - 5978. List the prime factors of v.
17, 487
Suppose 5*v - 12 = -v. Suppose v = 5*g - 8. Suppose -130 = -0*b - g*b - 4*s, 4*b - 250 = 2*s. What are the prime factors of b?
3, 7
Let t = 20149 + -5287. List the prime factors of t.
2, 3, 2477
Suppose -5*l - 35 = -4*l - 4*d, -4*d + 4 = 0. Let b = l + 29. What are the prime factors of (-1180)/(-35) - b/7?
2, 17
Let c = -10 + 14. Suppose 1242 = 5*a + c*a. Suppose 5*m + a - 368 = 0. List the prime factors of m.
2, 23
Let k(c) = 24*c - 20. Let i be k(-6). Let s = -76 - i. Suppose 5*f - 2*f - x - 279 = 0, 2*x + s = f. List the prime factors of f.
2, 47
Let j(x) = x**2 + 57*x + 330. List the prime factors 